191382.
2, 26595691
What are the prime factors of 38693076?
2, 3, 29, 111187
List the prime factors of 150912286.
2, 7, 2657, 4057
What are the prime factors of 2426821627?
2426821627
List the prime factors of 26818483.
23, 1166021
What are the prime factors of 334876116?
2, 3, 83, 336221
What are the prime factors of 121922431?
1237, 98563
What are the prime factors of 4348768503?
3, 1449589501
What are the prime factors of 2664724559?
7, 19, 193, 103811
What are the prime factors of 1186539427?
151, 1151, 6827
List the prime factors of 697089533.
7, 227, 1279
List the prime factors of 38467964.
2, 9616991
What are the prime factors of 287397508?
2, 71849377
List the prime factors of 4523082853.
4523082853
What are the prime factors of 748564017?
3, 5981, 41719
What are the prime factors of 101252685?
3, 5, 1531, 4409
List the prime factors of 1656380018.
2, 828190009
List the prime factors of 6498887832.
2, 3, 19, 167, 28447
What are the prime factors of 68398941?
3, 13, 23, 76253
List the prime factors of 355866509.
355866509
What are the prime factors of 174464735?
5, 1949, 17903
What are the prime factors of 388088520?
2, 3, 5, 1723, 1877
List the prime factors of 31106945.
5, 227, 27407
List the prime factors of 3608037.
3, 133631
What are the prime factors of 14328290?
2, 5, 61, 83, 283
List the prime factors of 16458795.
3, 5, 40639
What are the prime factors of 524028606?
2, 3, 87338101
List the prime factors of 8645603415.
3, 5, 576373561
List the prime factors of 2014027721.
19, 859, 123401
What are the prime factors of 55978836?
2, 3, 1049, 4447
List the prime factors of 74405252.
2, 18601313
What are the prime factors of 72514936?
2, 13, 697259
What are the prime factors of 27550336?
2, 11, 17, 1151
List the prime factors of 197443520.
2, 5, 617011
What are the prime factors of 643257854?
2, 321628927
List the prime factors of 406639789.
331, 1228519
List the prime factors of 44928282.
2, 3, 7, 127, 8423
What are the prime factors of 17564667?
3, 5854889
List the prime factors of 235690905.
3, 5, 15712727
What are the prime factors of 974792720?
2, 5, 11, 19, 173, 337
List the prime factors of 250864723.
250864723
List the prime factors of 705681755.
5, 19, 347, 21407
What are the prime factors of 33295872?
2, 3, 53, 409
List the prime factors of 134428470.
2, 3, 5, 11, 407359
List the prime factors of 81477534.
2, 3, 13579589
What are the prime factors of 271864449?
3, 229, 131909
What are the prime factors of 1588521409?
881, 1803089
List the prime factors of 748713607.
748713607
List the prime factors of 655320905.
5, 131064181
List the prime factors of 427359842.
2, 7, 13, 37, 63463
List the prime factors of 6866114033.
419, 16386907
What are the prime factors of 1737602649?
3, 19, 10161419
List the prime factors of 24832639.
13, 19, 100537
List the prime factors of 34255251.
3, 1268713
What are the prime factors of 4012324328?
2, 501540541
List the prime factors of 2250216361.
2250216361
List the prime factors of 5566036017.
3, 26959, 68821
What are the prime factors of 30109196?
2, 13, 579023
List the prime factors of 8120346333.
3, 11, 67, 73, 50311
What are the prime factors of 69862341?
3, 23287447
List the prime factors of 714957132.
2, 3, 59579761
List the prime factors of 1331403603.
3, 17, 26105953
What are the prime factors of 20834884?
2, 7, 179, 4157
List the prime factors of 396059575.
5, 15842383
List the prime factors of 298000379.
227, 1312777
List the prime factors of 1228803584.
2, 67, 113, 317
List the prime factors of 3991670740.
2, 5, 167, 359, 3329
What are the prime factors of 6461396359?
11, 29, 20255161
List the prime factors of 1387492684.
2, 346873171
What are the prime factors of 72067082?
2, 157, 283, 811
List the prime factors of 8095425711.
3, 31193, 86509
List the prime factors of 64033260.
2, 3, 5, 1067221
List the prime factors of 319946385.
3, 5, 11, 409, 431
List the prime factors of 334145582.
2, 8893, 18787
What are the prime factors of 1436777526?
2, 3, 239462921
What are the prime factors of 210482027?
7, 47, 53, 12071
What are the prime factors of 279610319?
101, 2768419
List the prime factors of 1678207403.
331, 5070113
What are the prime factors of 50485903?
13, 17, 228443
What are the prime factors of 5804079819?
3, 67, 28876019
List the prime factors of 578138772.
2, 3, 48178231
List the prime factors of 1243144611.
3, 37, 173, 7193
List the prime factors of 1670345726.
2, 7, 149, 800741
What are the prime factors of 118601784?
2, 3, 7, 31, 7591
List the prime factors of 50718299.
367, 138197
What are the prime factors of 70396803?
3, 2607289
What are the prime factors of 2102494305?
3, 5, 19, 953, 7741
List the prime factors of 108064877.
108064877
What are the prime factors of 284253878?
2, 173, 811, 1013
List the prime factors of 31866521.
31866521
List the prime factors of 34511289.
3, 1327, 8669
What are the prime factors of 207258140?
2, 5, 10362907
List the prime factors of 5283032724.
2, 3, 146750909
What are the prime factors of 71266407?
3, 23755469
What are the prime factors of 47495876?
2, 41, 71, 4079
What are the prime factors of 384846903?
3, 7, 277, 7351
What are the prime factors of 144475039?
47, 3073937
List the prime factors of 485973199.
485973199
What are the prime factors of 134953211?
29, 53, 87803
List the prime factors of 7423831.
71, 104561
What are the prime factors of 2013220766?
2, 4441, 226663
List the prime factors of 20620160.
2, 5, 11, 29, 101
List the prime factors of 5362802.
2, 887, 3023
List the prime factors of 1063012736.
2, 103, 80629
What are the prime factors of 14136288?
2, 3, 147253
What are the prime factors of 293571140?
2, 5, 181, 81097
List the prime factors of 26738396.
2, 19, 41, 8581
What are the prime factors of 780822602?
2, 7, 55773043
List the prime factors of 43584914.
2, 433, 50329
List the prime factors of 276916583.
19, 31, 41, 11467
What are the prime factors of 179430341?
61, 48221
What are the prime factors of 58936124?
2, 13, 1133387
What are the prime factors of 391174186?
2, 13, 83, 109, 1663
What are the prime factors of 38127857?
47, 811231
What are the prime factors of 39336931?
823, 47797
List the prime factors of 250677879.
3, 1181, 70753
What are the prime factors of 997709695?
5, 199541939
What are the prime factors of 530739431?
530739431
What are the prime factors of 34135616?
2, 41, 13009
List the prime factors of 136420907.
7, 19488701
List the prime factors of 58926364.
2, 7, 719, 2927
List the prime factors of 7948866.
2, 3, 167, 7933
What are the prime factors of 394118004?
2, 3, 7, 17, 29, 31, 307
What are the prime factors of 570388821?
3, 190129607
What are the prime factors of 53146473?
3, 29, 610879
What are the prime factors of 128595171?
3, 317, 135221
What are the prime factors of 1082670376?
2, 135333797
What are the prime factors of 97271283?
3, 3109, 10429
What are the prime factors of 1740475408?
2, 7, 31, 569, 881
List the prime factors of 180496971.
3, 811, 8243
What are the prime factors of 217992006?
2, 3, 4036889
List the prime factors of 26128980.
2, 3, 5, 127
List the prime factors of 32442870.
2, 3, 5, 1081429
What are the prime factors of 252477803?
1103, 228901
What are the prime factors of 66746320?
2, 5, 43, 19403
What are the prime factors of 737701269?
3, 487, 504929
What are the prime factors of 104228166?
2, 3, 7, 449, 5527
What are the prime factors of 31384851?
3, 53, 197389
What are the prime factors of 637513298?
2, 677, 470837
List the prime factors of 369610804.
2, 17, 1213, 4481
List the prime factors of 73587788.
2, 18396947
What are the prime factors of 237808534?
2, 89, 1336003
What are the prime factors of 77140601?
557, 138493
List the prime factors of 2206102457.
13, 41, 4139029
What are the prime factors of 11776648?
2, 13, 17, 6661
What are the prime factors of 275269849?
275269849
List the prime factors of 3881409020.
2, 5, 194070451
List the prime factors of 572479431.
3, 190826477
What are the prime factors of 284893517?
284893517
What are the prime factors of 7467732?
2, 3, 23, 29, 311
List the prime factors of 6933306882.
2, 3, 179, 6455593
What are the prime factors of 55037235?
3, 5, 11, 47, 151
List the prime factors of 175826321.
11, 15984211
What 